716 and 8229.
39
What is the highest common factor of 246213 and 594?
297
What is the greatest common divisor of 477 and 386264?
53
Calculate the highest common factor of 11941960 and 655.
655
Calculate the highest common factor of 5445 and 774.
9
Calculate the greatest common divisor of 6396 and 2106.
78
What is the greatest common divisor of 1388907 and 2808?
351
Calculate the greatest common factor of 41160 and 1800.
120
What is the highest common factor of 850 and 1394?
34
What is the greatest common factor of 159 and 738714?
159
What is the highest common divisor of 426662 and 2298?
766
What is the highest common factor of 1387 and 3212?
73
What is the greatest common factor of 4408 and 82099?
551
Calculate the greatest common divisor of 164229 and 39.
39
What is the greatest common factor of 21 and 837249?
21
Calculate the greatest common factor of 245157 and 17.
17
What is the highest common divisor of 51250 and 82?
82
Calculate the greatest common factor of 502 and 1366.
2
Calculate the highest common factor of 159620 and 920.
460
What is the highest common divisor of 206102 and 26?
26
What is the greatest common divisor of 7420 and 1599540?
1060
What is the highest common factor of 124453 and 17549?
161
What is the highest common divisor of 2773 and 4747?
47
Calculate the highest common factor of 182 and 124306.
182
Calculate the greatest common factor of 8141 and 98.
7
Calculate the highest common divisor of 808033 and 1268.
317
Calculate the greatest common divisor of 8201 and 2224.
139
Calculate the highest common factor of 7 and 3997.
7
What is the greatest common divisor of 852119 and 103?
103
Calculate the highest common factor of 2256 and 146424.
24
What is the highest common factor of 97715 and 10?
5
Calculate the greatest common divisor of 40612 and 64468.
284
What is the highest common divisor of 1638 and 25350?
78
What is the highest common divisor of 74575 and 950?
475
What is the highest common factor of 282 and 9764344?
94
What is the highest common factor of 125 and 194750?
125
What is the highest common factor of 2736 and 7056?
144
Calculate the highest common divisor of 888 and 203944.
296
What is the highest common divisor of 1176 and 59780?
196
Calculate the highest common divisor of 370 and 115.
5
Calculate the highest common divisor of 65706 and 658.
94
Calculate the highest common divisor of 169 and 9464.
169
Calculate the highest common factor of 48 and 20752.
16
Calculate the highest common divisor of 8037 and 9729.
423
What is the greatest common divisor of 260657 and 277?
277
Calculate the highest common divisor of 91 and 6461.
91
What is the highest common divisor of 462 and 2041578?
462
Calculate the greatest common divisor of 1288 and 22057.
161
Calculate the greatest common factor of 176 and 1331.
11
Calculate the highest common divisor of 151368 and 9222.
318
What is the greatest common factor of 131087 and 8602?
187
Calculate the greatest common factor of 2394 and 3297.
21
Calculate the highest common divisor of 96588 and 180.
36
Calculate the greatest common divisor of 249 and 138693.
249
What is the highest common factor of 76 and 708548?
76
What is the greatest common factor of 595324 and 186?
62
Calculate the greatest common divisor of 26520 and 4320.
120
What is the greatest common factor of 9593 and 1060?
53
Calculate the highest common factor of 132 and 1261150.
22
What is the greatest common factor of 3 and 29847?
3
Calculate the highest common factor of 2584975 and 25.
25
Calculate the greatest common divisor of 276 and 49092.
12
Calculate the greatest common factor of 634 and 429535.
317
Calculate the highest common factor of 100 and 37880.
20
What is the highest common factor of 2650220 and 20?
20
Calculate the highest common factor of 1077 and 324.
3
What is the greatest common factor of 444 and 131091?
111
What is the greatest common factor of 15900 and 324?
12
Calculate the highest common divisor of 104 and 170378.
26
Calculate the greatest common divisor of 1461660 and 680.
340
Calculate the greatest common factor of 340 and 153612.
68
What is the greatest common factor of 25 and 640975?
25
Calculate the greatest common divisor of 284100 and 1200.
300
What is the greatest common factor of 1941 and 1683494?
647
Calculate the greatest common divisor of 1040 and 25090.
130
Calculate the highest common factor of 351 and 1094175.
27
What is the greatest common factor of 3120 and 2067?
39
Calculate the highest common divisor of 3135 and 15105.
285
Calculate the highest common factor of 8630 and 80.
10
Calculate the greatest common factor of 83 and 8831449.
83
What is the greatest common factor of 119067 and 258?
129
What is the highest common factor of 7716 and 2612?
4
What is the highest common divisor of 1310 and 250?
10
What is the highest common divisor of 166689 and 27?
9
What is the greatest common factor of 2626942 and 68?
34
Calculate the greatest common factor of 7447 and 209.
11
Calculate the highest common divisor of 46 and 796122.
46
What is the highest common divisor of 76638 and 636?
318
What is the greatest common factor of 86016 and 1152?
384
What is the greatest common factor of 2288 and 678080?
208
What is the highest common divisor of 7280 and 140?
140
Calculate the greatest common factor of 213066 and 1068.
534
What is the highest common divisor of 48334 and 1690?
338
Calculate the greatest common factor of 156160 and 4.
4
What is the greatest common divisor of 100 and 9650?
50
Calculate the greatest common factor of 978241 and 2361.
787
Calculate the greatest common divisor of 157871 and 2128.
133
Calculate the highest common factor of 1976 and 695058.
494
Calculate the greatest common divisor of 192 and 339.
3
Calculate the greatest common factor of 920 and 1033160.
920
What is the highest common divisor of 5 and 1352185?
5
Calculate the highest common divisor of 45200 and 64.
16
Calculate the highest common factor of 9124492 and 104.
52
What is the greatest common factor of 99 and 4924425?
33
What is the greatest common factor of 4929 and 837?
93
Calculate the highest common factor of 383194 and 6.
2
Calculate the highest common factor of 24888 and 6466.
122
What is the highest common divisor of 8 and 8024?
8
What is the greatest common divisor of 131375 and 125?
125
Calculate the highest common factor of 2379 and 569374.
793
Calculate the greatest common factor of 342848 and 352.
352
Calculate the greatest common factor of 459774 and 2870.
574
Calculate the highest common factor of 392103 and 2337.
57
What is the highest common factor of 6285 and 5535?
15
What is the highest common divisor of 3094 and 22321?
221
Calculate the highest common factor of 114139 and 5816.
727
What is the highest common divisor of 185042 and 182?
26
What is the highest common divisor of 159 and 37736?
53
Calculate the highest common divisor of 54481 and 12943.
301
Calculate the highest common divisor of 1852 and 68.
4
Calculate the greatest common factor of 222 and 12485058.
222
What is the highest common factor of 51527 and 3689?
119
Calculate the highest common factor of 581672 and 819.
91
Calculate the highest common divisor of 3366 and 344454.
1122
Calculate the greatest common factor of 2632 and 84882.
658
What is the greatest common factor of 1629752 and 274?
274
What is the greatest common divisor of 43011 and 216?
27
What is the greatest common divisor of 80046 and 90?
18
What is the greatest common divisor of 1411 and 10624?
83
Calculate the greatest common factor of 713819 and 524.
131
Calculate the highest common divisor of 13770 and 450.
90
Calculate the highest common factor of 1078 and 2347884.
1078
What is the greatest common factor of 8 and 42618?
2
Calculate the highest common factor of 79625 and 1950.
325
What is the greatest common factor of 4201067 and 3471?
1157
Calculate the highest common divisor of 148560 and 30.
30
Calculate the highest common divisor of 1934 and 451589.
967
Calculate the highest common factor of 24 and 5329608.
24
What is the highest common divisor of 125650 and 50?
50
What is the greatest common divisor of 3022713 and 9?
9
Calculate the greatest common factor of 153 and 3111.
51
Calculate the greatest common factor of 33625 and 75.
25
Calculate 